{"id":9,"date":"2025-12-31T17:44:48","date_gmt":"2025-12-31T17:44:48","guid":{"rendered":"https:\/\/molimomusicads.fr\/?page_id=9"},"modified":"2026-02-03T19:16:01","modified_gmt":"2026-02-03T19:16:01","slug":"pack-abonnements","status":"publish","type":"page","link":"https:\/\/molimomusicads.fr\/index.php\/pack-abonnements\/","title":{"rendered":"Pack &amp; Abonnements"},"content":{"rendered":"\t\t<div data-elementor-type=\"wp-page\" data-elementor-id=\"9\" class=\"elementor elementor-9\">\n\t\t\t\t<div class=\"elementor-element elementor-element-6e085f4 e-flex e-con-boxed e-con e-parent\" data-id=\"6e085f4\" data-element_type=\"container\">\n\t\t\t\t\t<div class=\"e-con-inner\">\n\t\t\t\t<div class=\"elementor-element elementor-element-045206e elementor-widget elementor-widget-image\" data-id=\"045206e\" data-element_type=\"widget\" data-widget_type=\"image.default\">\n\t\t\t\t\t\t\t\t\t\t\t\t\t\t\t<img fetchpriority=\"high\" decoding=\"async\" width=\"1536\" height=\"1024\" src=\"https:\/\/molimomusicads.fr\/wp-content\/uploads\/2026\/01\/gros-plan-d-un-ordinateur-portable-avec-l-application-spotify-1536x1024.jpg\" class=\"attachment-1536x1536 size-1536x1536 wp-image-166\" alt=\"\" srcset=\"https:\/\/molimomusicads.fr\/wp-content\/uploads\/2026\/01\/gros-plan-d-un-ordinateur-portable-avec-l-application-spotify-1536x1024.jpg 1536w, https:\/\/molimomusicads.fr\/wp-content\/uploads\/2026\/01\/gros-plan-d-un-ordinateur-portable-avec-l-application-spotify-300x200.jpg 300w, https:\/\/molimomusicads.fr\/wp-content\/uploads\/2026\/01\/gros-plan-d-un-ordinateur-portable-avec-l-application-spotify-1024x683.jpg 1024w, https:\/\/molimomusicads.fr\/wp-content\/uploads\/2026\/01\/gros-plan-d-un-ordinateur-portable-avec-l-application-spotify-768x512.jpg 768w, https:\/\/molimomusicads.fr\/wp-content\/uploads\/2026\/01\/gros-plan-d-un-ordinateur-portable-avec-l-application-spotify-2048x1365.jpg 2048w\" sizes=\"(max-width: 1536px) 100vw, 1536px\" \/>\t\t\t\t\t\t\t\t\t\t\t\t\t\t\t<\/div>\n\t\t\t\t\t<\/div>\n\t\t\t\t<\/div>\n\t\t<div class=\"elementor-element elementor-element-370feae e-grid e-con-boxed e-con e-parent\" data-id=\"370feae\" data-element_type=\"container\">\n\t\t\t\t\t<div class=\"e-con-inner\">\n\t\t\t\t<div class=\"elementor-element elementor-element-c7e8206 elementor-widget elementor-widget-html\" data-id=\"c7e8206\" data-element_type=\"widget\" data-widget_type=\"html.default\">\n\t\t\t\t\t<section class=\"section\">\n  <div class=\"container\">\n    <h1>Nos abonnements<\/h1>\n    <p>\n      Des offres claires pour d\u00e9velopper tes streams et ta fanbase\n      gr\u00e2ce \u00e0 la publicit\u00e9 musicale.\n    <\/p>\n\n    <div class=\"pricing\">\n\n      <div class=\"price-card\">\n        <h3>Artist Starter<\/h3>\n        <p>Lancer et structurer tes sorties.<\/p>\n        <ul>\n          <li>Spotify & Deezer Ads<\/li>\n          <li>YouTube & TikTok Ads<\/li>\n          <li>Suivi mensuel<\/li>\n        <\/ul>\n        <span>149 \u20ac \/ mois<\/span>\n        <a href=\"\/contact\/\" class=\"btn primary\">Souscrire<\/a>\n      <\/div>\n\n      <div class=\"price-card highlight\">\n        <h3>Artist Growth<\/h3>\n        <p>D\u00e9velopper ton algorithme.<\/p>\n        <ul>\n          <li>Campagnes continues<\/li>\n          <li>Retargeting avanc\u00e9<\/li>\n          <li>Optimisation data<\/li>\n        <\/ul>\n        <span>249 \u20ac \/ mois<\/span>\n        <a href=\"\/contact\/\" class=\"btn primary\">Souscrire<\/a>\n      <\/div>\n\n      <div class=\"price-card\">\n        <h3>Album \/ Label Pro<\/h3>\n        <p>Strat\u00e9gie premium.<\/p>\n        <ul>\n          <li>Multi-campagnes<\/li>\n          <li>Priorit\u00e9 support<\/li>\n          <li>Accompagnement global<\/li>\n        <\/ul>\n        <span>449 \u20ac \/ mois<\/span>\n        <a href=\"\/contact\/\" class=\"btn primary\">\u00catre conseill\u00e9<\/a>\n      <\/div>\n\n    <\/div>\n  <\/div>\n<\/section>\t\t\t\t<\/div>\n\t\t\t\t\t<\/div>\n\t\t\t\t<\/div>\n\t\t\t\t<\/div>\n\t\t","protected":false},"excerpt":{"rendered":"<p>Nos abonnements Des offres claires pour d\u00e9velopper tes streams et ta fanbase gr\u00e2ce \u00e0 la publicit\u00e9 musicale. Artist Starter Lancer [&hellip;]<\/p>\n","protected":false},"author":1,"featured_media":0,"parent":0,"menu_order":0,"comment_status":"closed","ping_status":"closed","template":"","meta":{"site-sidebar-layout":"no-sidebar","site-content-layout":"","ast-site-content-layout":"full-width-container","site-content-style":"default","site-sidebar-style":"default","ast-global-header-display":"","ast-banner-title-visibility":"","ast-main-header-display":"","ast-hfb-above-header-display":"","ast-hfb-below-header-display":"","ast-hfb-mobile-header-display":"","site-post-title":"disabled","ast-breadcrumbs-content":"","ast-featured-img":"disabled","footer-sml-layout":"","ast-disable-related-posts":"","theme-transparent-header-meta":"","adv-header-id-meta":"","stick-header-meta":"","header-above-stick-meta":"","header-main-stick-meta":"","header-below-stick-meta":"","astra-migrate-meta-layouts":"default","ast-page-background-enabled":"default","ast-page-background-meta":{"desktop":{"background-color":"var(--ast-global-color-5)","background-image":"","background-repeat":"repeat","background-position":"center center","background-size":"auto","background-attachment":"scroll","background-type":"","background-media":"","overlay-type":"","overlay-color":"","overlay-opacity":"","overlay-gradient":""},"tablet":{"background-color":"","background-image":"","background-repeat":"repeat","background-position":"center center","background-size":"auto","background-attachment":"scroll","background-type":"","background-media":"","overlay-type":"","overlay-color":"","overlay-opacity":"","overlay-gradient":""},"mobile":{"background-color":"","background-image":"","background-repeat":"repeat","background-position":"center center","background-size":"auto","background-attachment":"scroll","background-type":"","background-media":"","overlay-type":"","overlay-color":"","overlay-opacity":"","overlay-gradient":""}},"ast-content-background-meta":{"desktop":{"background-color":"var(--ast-global-color-4)","background-image":"","background-repeat":"repeat","background-position":"center center","background-size":"auto","background-attachment":"scroll","background-type":"","background-media":"","overlay-type":"","overlay-color":"","overlay-opacity":"","overlay-gradient":""},"tablet":{"background-color":"var(--ast-global-color-4)","background-image":"","background-repeat":"repeat","background-position":"center center","background-size":"auto","background-attachment":"scroll","background-type":"","background-media":"","overlay-type":"","overlay-color":"","overlay-opacity":"","overlay-gradient":""},"mobile":{"background-color":"var(--ast-global-color-4)","background-image":"","background-repeat":"repeat","background-position":"center center","background-size":"auto","background-attachment":"scroll","background-type":"","background-media":"","overlay-type":"","overlay-color":"","overlay-opacity":"","overlay-gradient":""}},"footnotes":""},"class_list":["post-9","page","type-page","status-publish","hentry"],"_links":{"self":[{"href":"https:\/\/molimomusicads.fr\/index.php\/wp-json\/wp\/v2\/pages\/9","targetHints":{"allow":["GET"]}}],"collection":[{"href":"https:\/\/molimomusicads.fr\/index.php\/wp-json\/wp\/v2\/pages"}],"about":[{"href":"https:\/\/molimomusicads.fr\/index.php\/wp-json\/wp\/v2\/types\/page"}],"author":[{"embeddable":true,"href":"https:\/\/molimomusicads.fr\/index.php\/wp-json\/wp\/v2\/users\/1"}],"replies":[{"embeddable":true,"href":"https:\/\/molimomusicads.fr\/index.php\/wp-json\/wp\/v2\/comments?post=9"}],"version-history":[{"count":67,"href":"https:\/\/molimomusicads.fr\/index.php\/wp-json\/wp\/v2\/pages\/9\/revisions"}],"predecessor-version":[{"id":280,"href":"https:\/\/molimomusicads.fr\/index.php\/wp-json\/wp\/v2\/pages\/9\/revisions\/280"}],"wp:attachment":[{"href":"https:\/\/molimomusicads.fr\/index.php\/wp-json\/wp\/v2\/media?parent=9"}],"curies":[{"name":"wp","href":"https:\/\/api.w.org\/{rel}","templated":true}]}}